 4*l - 30. Let d = l - -9. What is the remainder when d is divided by p?
8
Let s(i) = -i**2 - 12*i - 6. Let d(o) = -2*o**2 - 5*o + 16. What is the remainder when s(-6) is divided by d(-4)?
2
Suppose n + 20 = 5*r - n, -5*r + n + 15 = 0. Calculate the remainder when 4 is divided by r.
0
Suppose -21*x + 2087 = -2449. What is the remainder when x is divided by 58?
42
Let v(j) = j**3 + 31*j**2 + 27*j + 29. Let w be v(-30). Let n = -56 + w. Let m(k) = 3*k**2 + 2*k. What is the remainder when n is divided by m(2)?
15
Let z(p) = -3*p**3 - 2*p**2 - p. Let u be z(-1). Calculate the remainder when (-1365)/42*-1*u is divided by 13 + 0 + 2 + 2.
14
Suppose 3*q = 7*q. Suppose -24 = -6*m + 3*m + 3*f, q = -3*m + 5*f + 14. Calculate the remainder when 36/7*(8 + -1) is divided by m.
10
Let a(h) = 2*h**3 + 18*h**2 + 21*h - 26. Suppose 4*p = 4*n + 280, 5*p - 256 - 74 = n. Calculate the remainder when p is divided by a(-7).
19
Suppose 0 = -7*r - 36 + 71. Calculate the remainder when 17 is divided by r.
2
Let t(h) = -h**3 - 9*h**2 - 6*h + 21. Suppose -69 + 459 = 10*p. What is the remainder when t(-9) is divided by p?
36
Let z(j) = -j**3 - 9*j**2 - 21*j - 42. What is the remainder when 22 is divided by z(-7)?
1
Suppose 47*w - 1752 = 44*w. Calculate the remainder when w is divided by 13.
12
Suppose -199 = -g - 3*u, -7*g = -2*g - u - 1059. What is the remainder when g is divided by 53?
52
Suppose 3*u - 336 = 3*z, 0 = 5*u - 8*u + z + 346. What is the remainder when u is divided by 5?
2
Let u = 428 + -409. What is the remainder when u is divided by 8?
3
Let p(v) = v**3 + v**2 - 11*v + 3. Let b be p(3). Suppose b - 10 = -2*t. Let z(j) = j**2 - j + 1. What is the remainder when z(2) is divided by t?
1
Suppose 0 = -4*d + y + 204, -5*d + 70*y + 255 = 75*y. Calculate the remainder when d is divided by 10.
1
Suppose -2*x + 11 + 5 = 0. Suppose -3*s = -4*w - 27, 2*w - 7*w + 27 = 3*s. Calculate the remainder when s is divided by x.
1
Let f = -1670 + 1686. Calculate the remainder when 126 is divided by f.
14
Suppose 217*x - 209*x = 320. What is the remainder when 62 is divided by x?
22
Suppose -6*u + 2152 = 4*k - 4*u, 5*u - 556 = -k. What is the remainder when k is divided by 9?
5
Let d be (4 + 2)*(-23)/(-2). Let k = -39 + d. Let j(t) = t**3 - 3*t**2 - 29*t + 15. What is the remainder when k is divided by j(7)?
6
Let z(d) = 24*d - 4. Suppose 15 = -15*u + 18*u. Let o = 19 - u. What is the remainder when z(3) is divided by o?
12
Let m = -303 - -540. What is the remainder when m is divided by 10?
7
Let f be -10*(7/2 + -4). Let w be 0 + 0 + 255/f. Suppose 64 = 5*p - g - 55, 2*p = -3*g + w. Calculate the remainder when p is divided by 9.
6
Suppose 4*c - c = 5*u + 208, -2*c - 3*u + 145 = 0. Let g = c - 53. What is the remainder when g is divided by 4?
2
Suppose -5*n = -4*c - 62, -n = -0*c + 2*c - 18. Suppose -128 = -3*q - 3*x + 8*x, -80 = -2*q - 2*x. Calculate the remainder when q is divided by n.
13
Suppose -4*q = -0*q - 304. Suppose -q = -3*a - a. Calculate the remainder when a is divided by (-3 + 1 + 4)/((-2)/(-10)).
9
Suppose -35 = -7*m - 0*m. Calculate the remainder when 51 is divided by m.
1
Calculate the remainder when (-35 - -10)*2/(10/(-7)) is divided by 18.
17
Suppose w - y = 22, 4*w + 7*y - 5*y = 76. Let j = 10 + -3. Calculate the remainder when w is divided by j.
6
Let l = 27 + 9. What is the remainder when 59 is divided by l?
23
Suppose -2*a + 5*l = a - 53, 3*l = -12. Suppose -i + 42 = -a. What is the remainder when i is divided by 14?
11
Suppose -5*h + 40 = 5*v, 5*h = -4*v + 56 - 21. What is the remainder when v is divided by 2?
1
Let x be (10/15)/((-2)/(-6)). Suppose -x*s - k + 28 = -0, 71 = 5*s + 2*k. What is the remainder when 59 is divided by s?
14
Let o(c) = -c**3 + 10*c**2 - c + 13. Let k(b) = -b**3 + 1. Let h be k(-2). Calculate the remainder when o(h) is divided by 29.
27
Let x be (1/(-3))/(15/(-8685)). Let k = -8 - -12. Suppose 0 = -4*o + s + x, -o = k*o - s - 242. Calculate the remainder when o is divided by 26.
23
Let w = -1419 - -1527. What is the remainder when 222 is divided by w?
6
Suppose 2*h = -0*h + 36. Let z = -15 + h. Suppose -5*s + 25 = 0, 0*q = z*q - 4*s - 13. Calculate the remainder when 43 is divided by q.
10
Let n(q) = q**3 + 4*q**2 + 31*q + 102. Calculate the remainder when 393 is divided by n(-3).
15
Let p(m) = -36*m - 3. Let f(d) = 19*d - 22. Calculate the remainder when f(8) is divided by p(-1).
31
What is the remainder when (-2*2/(-12))/((-3)/(-306)) is divided by 30?
4
Let v(w) be the first derivative of w**4/4 + 5*w**3/3 - 3*w - 22. What is the remainder when 52 is divided by v(-3)?
7
Suppose -17*w + 22*w - 82 = -4*d, -w = 2*d - 14. What is the remainder when w is divided by 12?
6
Suppose g + 2*p - 62 = 0, 4*p = 6*g - 2*g - 236. Let l(t) = -t**3 + 8*t**2 - 9*t + 3. Calculate the remainder when g is divided by l(6).
18
Let k(g) = -g**3 + 8*g**2 + 5*g - 2. Let r be k(7). Suppose 4*c - r = -18. Calculate the remainder when 30 is divided by c.
14
Let k(f) = -f**3 - 14*f**2 - 14*f - 8. Let g be k(-13). Let s = g - -16. What is the remainder when s is divided by 12?
9
Suppose 410 = 5*t - g, -3*g - 44 = 3*t - 290. Suppose 0 = 812*m - 838*m + 546. What is the remainder when t is divided by m?
19
Let w = -2 + 4. Let r(c) = 3*c + 1. Let k(a) = -2*a**2 + 35*a + 21. Calculate the remainder when r(w) is divided by k(18).
1
Let h = -58 - -59. Calculate the remainder when 10 is divided by (-40)/(-60)*(-5 - h)/(-1).
2
Suppose -4*q - q + 35 = 0. Suppose 2 = 3*h - q. Suppose 0 = -r + 2*p + 28, -r - 28 = -3*r - h*p. Calculate the remainder when r is divided by 7.
6
Let o = -6 - -14. Let v(a) = -a**3 - 16*a**2 + 12*a - 40. What is the remainder when v(-17) is divided by o?
5
Let k = 26 + -25. Calculate the remainder when 21 is divided by ((-24)/3)/(k - 3).
1
Let u be ((2/(-2))/3)/((-1)/6). Suppose 17 = u*a - a. Let n(w) = -14*w - 6. What is the remainder when n(-4) is divided by a?
16
Suppose -3*k - 789 = -5*t - 0*k, -4*t = -4*k - 636. What is the remainder when t is divided by 28?
16
Suppose 0 = -w + 4*k - 1, -23 - 1 = -w - k. Calculate the remainder when 45 is divided by w.
7
Let l = 1351 - 1284. Let t(z) = z**3 + z + 3. Let g be t(0). Suppose 0 = -g*q - 2*b + 43, -76 = -4*q + 3*b - b. Calculate the remainder when l is divided by q.
16
Suppose -n - 3 + 4 = 0, -5*n + 5 = -k. Suppose k = h + 4*h - 550. Let u = h - 71. Calculate the remainder when u is divided by 14.
11
Suppose 2*k + 0*w = 4*w + 100, 3*w = -k + 25. Let s be -2 + -22 + (1 - 0). Let m = -9 - s. What is the remainder when k is divided by m?
12
Suppose -6 = 2*s - 3*s. Suppose y - s = -q, -q = -2*y - 3*y + 18. Suppose -90 = q*l - 7*l. Calculate the remainder when 70 is divided by l.
16
Suppose 2*w = w + s + 40, w - 2*s = 39. Suppose -338 = -2*u + 2*r + r, u = -2*r + 155. Calculate the remainder when u is divided by w.
40
Suppose 3*x - 7*x + 2*g + 12 = 0, -25 = -x - 5*g. Let d = 16 - x. Let a = 98 - 69. Calculate the remainder when a is divided by d.
7
Let h(u) = u**3 + u**2 + 2*u - 268. Let x be h(0). What is the remainder when x/(-6) - (-9)/27 is divided by 16?
13
Suppose -3*g - 2*g - 450 = 0. Let v = g + 40. Let s = v - -76. Calculate the remainder when s is divided by 14.
12
Suppose 0 = 123*d - 120*d - 60. What is the remainder when 3478 is divided by d?
18
Let o(s) = -s + 9. Let r be o(7). Suppose -2*x + 22 = 3*h + h, r*x = -2*h + 6. Calculate the remainder when (2 + -14)*(-21)/12 is divided by h.
5
Let d be (-2)/((-24)/9)*80/30. Suppose -4*y + 158 = d*k - 0*y, -2*k - 5*y = -153. What is the remainder when k is divided by 23?
20
Let c(a) = -3*a - 5 + 3 + 19*a. Let i(g) = -g**2 - g + 7. Let v be i(-3). What is the remainder when 39 is divided by c(v)?
11
Suppose 4*g + 0*g + 105 = 3*y, 165 = 4*y + 3*g. What is the remainder when 464 is divided by y?
35
Suppose 12*o = -10*o + 242. Calculate the remainder when o is divided by 6.
5
Let d = -32 + 36. Suppose d = -n - 2. What is the remainder when (284/12)/((-2)/n) is divided by 15?
11
Suppose -69*h + 114 = -63*h. What is the remainder when h is divided by 2?
1
Suppose 2*n - 5*d - 32 = 8, -2*n + 4*d + 44 = 0. Suppose 206 = 21*w + 38. What is the remainder when n is divided by w?
6
Suppose -5*l = -3*l + 2, 817 = 4*m - l. Suppose -m = -5*b - 7*b. Wha